s divided by 50?
49
Let q = -17 - -31. Suppose 10*n - 88 = -n. Suppose n*f + f - 360 = 0. Calculate the remainder when f is divided by q.
12
Let t(f) = -591*f - 658. Calculate the remainder when t(-7) is divided by 120.
119
Suppose 154*a - 157*a + 171 = 2*b, -b + 89 = 5*a. Calculate the remainder when 184 is divided by b.
16
Suppose 0*d + 15 = -3*d, d + 77 = 2*t. What is the remainder when 2011 is divided by t?
31
Suppose -2529 = -5*l - r, -3*r + 1685 = 5*l - 852. What is the remainder when l is divided by 3?
1
Let f(w) = -2*w**3 + 41*w**2 - 15*w + 177. What is the remainder when f(20) is divided by 84?
25
Let b(n) = 2*n**2 + 2*n + 4. Let f be b(-5). Suppose -315 = 37*s - f*s. What is the remainder when 221 is divided by s?
41
Let w(y) = 2*y**2 - 6. Let n(l) = 3*l + 27. Let p be n(-8). Let s be w(p). Suppose r - s = 6. Calculate the remainder when 87 is divided by r.
15
Suppose -95*s - 75*s + 1282 + 588 = 0. Let y be (-1)/(2/4) - -514. Suppose s*v = 3*v + y. What is the remainder when v is divided by 22?
20
Suppose r + 3*u - 32 = 6*u, 0 = 5*r - 2*u - 95. Let c(l) = -l**3 + 16*l**2 + 17*l + 27. Calculate the remainder when c(r) is divided by (-3 + 22/4)*2.
2
Let l be (-4)/3 + 4/(-6). Let f = -45418 - -45446. What is the remainder when f is divided by 11 - l/(4/(-6))?
4
Suppose -2*f - g + 22 = 0, 1 + 3 = 2*g. Suppose 330 = -f*b + 5*b. Calculate the remainder when 127 is divided by 5/((-25)/b) - (-8)/(-40).
10
Let o be ((-9)/6)/((-2)/(-4)) + 25. Suppose -b + 63 = -3*z - o, 4*z + 4 = 0. What is the remainder when b is divided by (-6)/(-12)*(1 - -33)?
14
Calculate the remainder when (3018 - 187)*(3 + -2) is divided by 177.
176
Let n(x) = -4*x**3 - 87*x**2 - 37*x + 84. What is the remainder when n(-22) is divided by 92?
2
Let j(z) = -z**2 + z + 1. Let d = 796 - 776. Suppose -d*y + 18*y = 2*o - 6, 3*o - 3*y - 33 = 0. Calculate the remainder when o is divided by j(1).
0
Let l(s) = 64*s - 135. Suppose d + 3*g - 3 = 4*g, -4*d - 2*g = -18. Calculate the remainder when l(d) is divided by 46.
29
Suppose 11 = -4*t + 3, -2*s + 52 = 3*t. Suppose 158*h = 162*h + 5*n - 52, -4*h = -n - 28. Calculate the remainder when s is divided by h.
5
Let s(o) = o**2 + 161*o - 2019. Calculate the remainder when 2170 is divided by s(13).
226
Let p = -203 + 116. Calculate the remainder when (-1 + 2)*-1*p is divided by 15.
12
Suppose 4*f = -3*s + 4, -3*f = 247*s - 261*s + 257. Let w(q) = 3*q**2 - q - 1. Let j be w(-3). Let y = j - 2. What is the remainder when y is divided by s?
11
Let n(f) = -f**3 - 17*f**2 + 93*f + 56. Calculate the remainder when n(-26) is divided by 149.
146
Suppose k - 25 = 5*b, -3*k - 5*b + 100 = k. Let w = -723 - -740. Calculate the remainder when k is divided by w.
8
Let a(h) = h**3 + 4*h**2 + h + 15. Suppose 0*m + 4*r + 22 = -m, -4*m - 67 = -5*r. Let c = m - -14. Calculate the remainder when 98 is divided by a(c).
10
Let f(r) = 112*r**2 + 61*r - 490. Calculate the remainder when f(6) is divided by 34.
32
Suppose -2*v = 4*q - 330, -446*v + 442*v + 624 = -4*q. What is the remainder when v is divided by 150?
9
Suppose -w = -0*w - 26. Calculate the remainder when (178/10)/((-4 - 1/(-5)) + 4) is divided by w.
11
Suppose 334*t = 84*t + 24500. What is the remainder when 172 is divided by t?
74
Let z(h) = 2*h**2 + 14*h - 11. Let p be z(-8). What is the remainder when (-1 + 2)/(p/380) is divided by 11?
10
Suppose 3*t - 759 = -2*h, h + 735 = 5*t - 517. Calculate the remainder when t is divided by 12.
11
Let m(h) = h**3 + 79*h**2 + 128*h + 4007. Suppose -2*z + 38 = -0*z. Calculate the remainder when m(-78) is divided by z.
12
Suppose 2*v = 12, -4*c + 36 = 2*v - 420. What is the remainder when c is divided by 41?
29
Suppose -4 = s, 2*n + s + 42 = -74. Let r = -147 - n. Let q = 106 + r. Calculate the remainder when q is divided by 9.
6
Suppose -48*l + 81482 = 5882 + 11136. What is the remainder when 4033 is divided by l?
4
Let g be -4 - (-3 + (-36)/(-4)). Let b = g - -10. Suppose b = 3*f - 8*f + 65. Calculate the remainder when f is divided by 5.
3
Suppose -2*p = y + 17 - 6, 5*p = 4*y + 57. Let r = y + 20. Suppose 0 = -6*o + 225 - 93. Calculate the remainder when o is divided by r.
1
Let s(j) = 12*j - 936. What is the remainder when 67 is divided by s(79)?
7
Let x = -32 - -63. Let f = x + -28. Calculate the remainder when 14 is divided by f.
2
Suppose -4562*w + 4557*w + 15 = 0. What is the remainder when 9 is divided by w?
0
What is the remainder when ((-1)/4)/((-171)/446652) is divided by 102?
41
Suppose 4*w - 5*t - 13216 = 55718, 0 = -3*w - 4*t + 51716. Calculate the remainder when w is divided by 39.
37
Suppose 2*h = 116 - 0. What is the remainder when 6498/627*33*(-12)/(-18) is divided by h?
54
Suppose -k = 2*k - 459 - 1413. Calculate the remainder when k is divided by 126.
120
Let g(r) = -7*r**3 + 2*r**2 + 2*r + 2. Let j be g(-2). Let t = 1693 - 1641. Let n = j - t. Calculate the remainder when 17 is divided by n.
7
Let p = 1634 + -1626. Suppose -3*y = -1 + 4. Let a(h) = 63*h**2 - h - 2. What is the remainder when a(y) is divided by p?
6
Calculate the remainder when (-1718)/(-8) + ((-33)/12 - -3) - -5 is divided by 124.
96
Let l(w) = 597*w**2 - 9*w. Let t be l(-1). Let j = 616 - t. What is the remainder when 38 is divided by j?
8
Let f(m) = 4*m**2 - 9*m - 1. Let j be f(6). Suppose 88 = -v + j. Calculate the remainder when 10 is divided by v.
0
Let t(l) = 2*l - 1. Suppose -18*z + 45 = -17*z + r, 4*r = 5*z - 252. What is the remainder when z is divided by t(11)?
6
Let x = 93 - 36. Suppose -3*j + 59 = f + 29, 2*j = 5*f + 37. Suppose -4*k + j = 3*l - 23, -3*k - 2*l = -26. What is the remainder when x is divided by k?
7
Suppose -398 - 1482 = -376*f. What is the remainder when 84 is divided by f?
4
Let z(v) = v**3 - 2*v**2 - 12*v - 6. Let x be z(-2). Suppose x*c - 22 = 2*r, 5*c + 11 = -4*r + 39. Calculate the remainder when c is divided by 2/4 + 27/18.
0
Let p(i) = -2*i + 3. Let v(t) be the first derivative of 5*t**2/2 + 4*t + 28. Calculate the remainder when v(10) is divided by p(-4).
10
Let b = 591 + -586. Suppose p - 21 = -0*p. Calculate the remainder when p is divided by b.
1
Suppose -15 = -3*k, -4*k = 2*q - 3*k - 199. Suppose 5*n - 3*s = q, 5*n - 4*s = n + 76. Calculate the remainder when 76 is divided by n.
16
Suppose -2*r + 29 = -5*y, -r - 4*y - 3 = 2. Let w(l) = 4*l - 8. What is the remainder when ((-1457)/141)/((-1)/3) is divided by w(r)?
11
Suppose -3*v + 4*z + 172 - 49 = 0, -164 = -4*v - 3*z. What is the remainder when 434 is divided by v?
24
Let o = 1709 - 1495. Calculate the remainder when 5769 is divided by o.
205
Suppose 29*k - 31694 = 8268. What is the remainder when k is divided by 46?
44
Suppose 19*w - 8 = 23*w, -3*w = -3*s - 42. Let d = 147 - 102. Let x = s + d. What is the remainder when x is divided by 8?
5
Let d = 10104 - 5566. Suppose d - 194 = 6*l. What is the remainder when l is divided by 66?
64
Let w = 32 - -18. Suppose 8579 = 25*h + 1229. What is the remainder when h is divided by w?
44
Suppose 3*d - 8*d = -25. Suppose 5*l = 4*l + d*l. What is the remainder when 96 is divided by 1/(l - -5) - 164/(-5)?
30
Suppose 2*u - 479 = 1663. Suppose 0 = m - 8*m + u. Calculate the remainder when m is divided by 31.
29
Suppose 27*x - 4*n = 32*x - 980, 2*n + 610 = 3*x. What is the remainder when 816 is divided by x?
16
Let d be (-409)/(-6) + 10/(-60). Let n = 70 - d. Let o = 2 - 1. Calculate the remainder when n is divided by o.
0
Suppose -6*s = -5*s - 6. What is the remainder when 198 is divided by s + (33 - (-6 - -5))?
38
Let w = 4030 + -3432. What is the remainder when w is divided by 204?
190
Suppose 10*w - 9*w = 3*x + 924, -5*x + 2*w - 1540 = 0. Let k = -272 - x. Suppose 0 = 3*h - 160 - 50. Calculate the remainder when h is divided by k.
34
Let m = -11288 - -11313. What is the remainder when 872 is divided by m?
22
What is the remainder when 260 is divided by ((-22)/(-12) - 2)/((-221)/197574)?
111
Suppose 0 = -229*n + 223*n + 3222. Calculate the remainder when n is divided by ((-2)/(-7)*3)/(64/4480).
57
Let j = 17028 - 16360. What is the remainder when j is divided by 57?
41
Suppose 3*v = -i - 3*i + 93, 0 = -v + 5*i + 12. Let l(b) = -b**2 + 130*b - 691. Calculate the remainder when l(6) is divided by v.
26
Let t(u) = 3*u. Suppose 0 = 7*p - 4 -